 factors of 1576471?
13, 121267
List the prime factors of 618401.
7, 23, 167
What are the prime factors of 325880?
2, 5, 8147
List the prime factors of 11938.
2, 47, 127
What are the prime factors of 82100?
2, 5, 821
What are the prime factors of 1442305?
5, 288461
List the prime factors of 14163519.
3, 4721173
List the prime factors of 65824.
2, 11, 17
What are the prime factors of 4487534?
2, 19, 118093
List the prime factors of 186339.
3, 179, 347
What are the prime factors of 1259695?
5, 251939
What are the prime factors of 66173?
66173
What are the prime factors of 327217?
11, 151, 197
List the prime factors of 24455258.
2, 191, 64019
What are the prime factors of 1095?
3, 5, 73
What are the prime factors of 10783924?
2, 2695981
What are the prime factors of 650766?
2, 3, 108461
List the prime factors of 61772.
2, 15443
List the prime factors of 1908507.
3, 61, 10429
What are the prime factors of 2084836?
2, 13, 40093
What are the prime factors of 82682?
2, 41341
List the prime factors of 10175603.
1249, 8147
List the prime factors of 325046.
2, 162523
List the prime factors of 60162.
2, 3, 37, 271
List the prime factors of 639729.
3, 71081
What are the prime factors of 74325?
3, 5, 991
List the prime factors of 1022936.
2, 127867
List the prime factors of 293172.
2, 3, 11, 2221
List the prime factors of 283493.
7, 40499
What are the prime factors of 1120432?
2, 239, 293
List the prime factors of 314381.
17, 18493
What are the prime factors of 26262064?
2, 1641379
What are the prime factors of 540473?
29, 18637
What are the prime factors of 15848936?
2, 31, 63907
What are the prime factors of 232879?
179, 1301
What are the prime factors of 717219?
3, 79691
What are the prime factors of 913275?
3, 5, 11, 41
What are the prime factors of 13620968?
2, 23, 74027
What are the prime factors of 527345?
5, 7, 13, 19, 61
What are the prime factors of 842740?
2, 5, 29, 1453
What are the prime factors of 755971?
521, 1451
List the prime factors of 1230258.
2, 3, 205043
List the prime factors of 697124.
2, 174281
List the prime factors of 424787.
11, 23, 73
List the prime factors of 1206954.
2, 3, 7, 31, 103
List the prime factors of 1242712.
2, 163, 953
List the prime factors of 17529990.
2, 3, 5, 167, 3499
What are the prime factors of 20436?
2, 3, 13, 131
What are the prime factors of 350258?
2, 175129
List the prime factors of 639683.
11, 58153
List the prime factors of 1762553.
13, 135581
List the prime factors of 14936874.
2, 3, 41, 60719
List the prime factors of 20716657.
13, 1593589
List the prime factors of 279940.
2, 5, 13997
List the prime factors of 468014.
2, 234007
What are the prime factors of 531683?
107, 4969
List the prime factors of 114781.
114781
What are the prime factors of 1806295?
5, 241, 1499
List the prime factors of 2625216.
2, 3, 11, 113
List the prime factors of 172024.
2, 21503
List the prime factors of 26955863.
11, 17, 47, 3067
What are the prime factors of 640874?
2, 13, 157
What are the prime factors of 22385129?
13, 29, 59377
What are the prime factors of 55426?
2, 7, 37, 107
List the prime factors of 2251201.
2251201
What are the prime factors of 15015?
3, 5, 7, 11, 13
List the prime factors of 9253474.
2, 17, 127, 2143
What are the prime factors of 1992847?
47, 109, 389
What are the prime factors of 239636?
2, 139, 431
List the prime factors of 1345.
5, 269
What are the prime factors of 7964643?
3, 2654881
List the prime factors of 111322.
2, 55661
List the prime factors of 547067.
19, 28793
List the prime factors of 115082.
2, 11, 5231
What are the prime factors of 3141178?
2, 223, 7043
List the prime factors of 6173731.
6173731
List the prime factors of 6091176.
2, 3, 7, 13, 2789
What are the prime factors of 388378?
2, 23, 8443
List the prime factors of 3538323.
3, 14561
What are the prime factors of 740926?
2, 370463
What are the prime factors of 290849?
13, 1721
What are the prime factors of 452734?
2, 226367
List the prime factors of 821140.
2, 5, 41057
List the prime factors of 161519.
19, 8501
List the prime factors of 2912608.
2, 91019
List the prime factors of 373322.
2, 73, 2557
List the prime factors of 1785912.
2, 3, 74413
List the prime factors of 4177030.
2, 5, 11, 13, 23, 127
List the prime factors of 245758.
2, 103, 1193
List the prime factors of 862323.
3, 7, 11, 3733
What are the prime factors of 113432?
2, 11, 1289
What are the prime factors of 6020?
2, 5, 7, 43
List the prime factors of 6696390.
2, 3, 5, 29, 43, 179
What are the prime factors of 69394?
2, 13, 17, 157
List the prime factors of 767974.
2, 383987
List the prime factors of 2257209.
3, 17, 14753
List the prime factors of 720459.
3, 80051
List the prime factors of 217126.
2, 7, 13, 1193
List the prime factors of 67879.
7, 9697
What are the prime factors of 168601?
168601
List the prime factors of 259759.
67, 3877
What are the prime factors of 31123732?
2, 107, 72719
List the prime factors of 206492.
2, 11, 13, 19
List the prime factors of 4058367.
3, 499, 2711
What are the prime factors of 18141274?
2, 9070637
List the prime factors of 633284.
2, 17, 67, 139
List the prime factors of 22830736.
2, 577, 2473
What are the prime factors of 3417135?
3, 5, 37, 47, 131
What are the prime factors of 4367829?
3, 59, 24677
What are the prime factors of 299480?
2, 5, 7487
What are the prime factors of 5787813?
3, 1929271
List the prime factors of 38541096.
2, 3, 11, 5407
What are the prime factors of 330504?
2, 3, 47, 293
What are the prime factors of 365277?
3, 11, 11069
List the prime factors of 23349445.
5, 7, 667127
What are the prime factors of 358872?
2, 3, 19, 787
What are the prime factors of 6359885?
5, 7, 181711
List the prime factors of 228047.
97, 2351
What are the prime factors of 80860?
2, 5, 13, 311
List the prime factors of 927155.
5, 107, 1733
List the prime factors of 475264.
2, 47, 79
List the prime factors of 146864.
2, 67, 137
List the prime factors of 19704381.
3, 6568127
What are the prime factors of 466547?
466547
List the prime factors of 19423733.
7, 2774819
What are the prime factors of 36126?
2, 3, 223
List the prime factors of 602602.
2, 7, 11, 13, 43
What are the prime factors of 237889?
23, 10343
What are the prime factors of 4092519?
3, 157, 8689
What are the prime factors of 1752462?
2, 3, 17, 23, 83
List the prime factors of 7544937.
3, 67, 37537
List the prime factors of 11482951.
11482951
List the prime factors of 61481.
7, 8783
What are the prime factors of 15076341?
3, 7, 79769
What are the prime factors of 6221724?
2, 3, 79, 6563
List the prime factors of 714230.
2, 5, 11, 43, 151
What are the prime factors of 10026564?
2, 3, 241, 3467
What are the prime factors of 1655611?
107, 15473
What are the prime factors of 128336?
2, 13, 617
What are the prime factors of 5504763?
3, 11, 31, 5381
List the prime factors of 1805659.
673, 2683
What are the prime factors of 175037?
113, 1549
List the prime factors of 199285.
5, 39857
What are the prime factors of 108793?
108793
What are the prime factors of 4030213?
11, 366383
What are the prime factors of 24742876?
2, 6185719
What are the prime factors of 151225?
5, 23, 263
What are the prime factors of 7410679?
487, 15217
List the prime factors of 660246.
2, 3, 17, 6473
What are the prime factors of 3123866?
2, 19, 82207
What are the prime factors of 344893?
344893
List the prime factors of 3518322.
2, 3, 586387
List the prime factors of 22178034.
2, 3, 587, 2099
What are the prime factors of 27957?
3, 9319
What are the prime factors of 9340063?
163, 57301
List the prime factors of 26430130.
2, 5, 2643013
List the prime factors of 189845.
5, 43, 883
List the prime factors of 925946.
2, 7, 19, 59
List the prime factors of 3164196.
2, 3, 7, 139, 271
List the prime factors of 609911.
609911
What are the prime factors of 12770057?
2089, 6113
List the prime factors of 313521.
3, 13, 8039
What are the prime factors of 622749?
3, 41, 61, 83
List the prime factors of 2752163.
509, 5407
List the prime factors of 1748724.
2, 3, 43, 3389
List the prime factors of 42204827.
7, 37, 23279
List the prime factors of 42619.
17, 23, 109
What are the prime factors of 757637?
647, 1171
What are the prime factors of 511868?
2, 7, 101, 181
List the prime factors of 9459927.
3, 337, 